82228384?
True
Is 12 a factor of 136138848?
True
Is 292 a factor of 4667744?
False
Is 321 a factor of 68728026?
True
Is 27583056 a multiple of 501?
True
Does 5 divide 11831175?
True
Is 11843342 a multiple of 14?
True
Does 35 divide 129228505?
True
Is 468324254 a multiple of 31?
True
Does 36 divide 26165520?
True
Is 197 a factor of 4161893117?
True
Is 14111843 a multiple of 7?
False
Is 26 a factor of 31338606?
True
Is 61122504 a multiple of 262?
True
Is 7 a factor of 160089979?
True
Is 11508805 a multiple of 689?
False
Does 24 divide 5446776?
True
Is 5 a factor of 6967120?
True
Is 2469 a factor of 2333429814?
False
Does 106 divide 2849424?
False
Is 23 a factor of 148931095?
True
Is 23 a factor of 915107168?
False
Is 925 a factor of 2799975?
True
Is 6185891 even?
False
Is 68 a factor of 21615024?
True
Does 150 divide 1280701050?
True
Is 198003120 a multiple of 30?
True
Does 870 divide 376822614?
False
Is 1800 a factor of 408893582?
False
Is 64438900 a multiple of 2620?
True
Does 31 divide 4478068?
False
Is 367325868 a multiple of 94?
True
Is 70517197 a multiple of 3711?
False
Is 2504039 a multiple of 3?
False
Is 358 a factor of 10112784?
True
Does 14 divide 1172521929?
False
Is 475 a factor of 280823325?
True
Is 14417585 a multiple of 814?
False
Does 791 divide 141644983?
False
Is 763 a factor of 386417837?
False
Is 676861719 a multiple of 733?
False
Is 112 a factor of 27878335?
False
Is 88775159 a multiple of 113?
False
Is 4310758 a multiple of 17?
True
Is 9369313 a multiple of 2?
False
Is 521647915 a multiple of 106?
False
Does 36 divide 268418988?
True
Does 41 divide 21887522?
True
Does 114 divide 61616066?
False
Is 437 a factor of 244698150?
True
Is 278174709 a multiple of 9?
True
Is 135 a factor of 567957650?
False
Does 37 divide 31226024?
False
Does 15 divide 322479045?
True
Is 8880603928 a multiple of 28?
True
Does 14 divide 2577502653?
False
Does 54 divide 23031054?
True
Is 6 a factor of 1452569656?
False
Is 1567446861 a multiple of 261?
False
Is 92 a factor of 108141342?
False
Does 3 divide 5440046?
False
Is 1195529069 a multiple of 12423?
False
Does 5892 divide 1092112137?
False
Is 1037491578 a multiple of 41?
False
Is 74 a factor of 2289856?
True
Is 20479074 a multiple of 38?
True
Is 796356988 a multiple of 1645?
False
Is 19 a factor of 542945993?
False
Does 44 divide 76680878?
False
Is 387295676 a multiple of 4?
True
Does 4056 divide 136581744?
True
Does 22 divide 188986810?
False
Is 65306891 a multiple of 26?
False
Does 3 divide 156684374?
False
Is 21 a factor of 82969131?
True
Does 2605 divide 149472295?
True
Does 314 divide 21411346?
True
Does 3021 divide 356299761?
True
Is 6 a factor of 1420211652?
True
Does 52 divide 54721048?
False
Is 25 a factor of 503976925?
True
Is 262 a factor of 53316214?
True
Is 11330920 a multiple of 229?
True
Is 9416010 a multiple of 411?
True
Is 109247164 a multiple of 45?
False
Is 32060129 a multiple of 486?
False
Is 23 a factor of 2453042?
True
Is 283 a factor of 1629624118?
False
Is 159 a factor of 71935893?
True
Is 3091 a factor of 700842953?
False
Does 15 divide 15887970?
True
Is 1121 a factor of 33819449?
True
Is 42986309 a multiple of 409?
True
Is 155983002 a multiple of 267?
True
Does 250 divide 1228924?
False
Is 76 a factor of 22321773?
False
Does 215 divide 1083016920?
True
Is 2126848359 a multiple of 319?
False
Is 106886800 a multiple of 80?
True
Is 1454616512 a multiple of 5?
False
Does 5 divide 372276905?
True
Is 703 a factor of 20641690?
False
Does 27 divide 462674988?
False
Is 27809964 a multiple of 36?
True
Does 20 divide 8214700?
True
Is 663108786 a multiple of 5329?
True
Does 22 divide 15108483?
False
Does 495 divide 39949470?
True
Does 439 divide 196267588?
False
Does 113 divide 38817308?
True
Is 2835976 a multiple of 67?
True
Is 1668897752 a multiple of 316?
True
Is 47 a factor of 5715435?
True
Is 4 a factor of 2652133?
False
Is 109 a factor of 89759473?
False
Is 24741360 a multiple of 12?
True
Does 21 divide 28981245?
False
Is 2265178 even?
True
Is 23291243 a multiple of 58?
False
Is 19 a factor of 3156248701?
False
Is 1730 a factor of 44258590?
True
Does 722 divide 1186672447?
False
Does 3 divide 272743371?
True
Does 2 divide 393209749?
False
Is 1511 a factor of 40629890?
False
Is 26 a factor of 275834?
True
Is 326946193 a multiple of 119?
True
Does 25 divide 1676292250?
True
Is 60264162 a multiple of 1197?
True
Does 894 divide 180706008?
True
Does 94 divide 17036965?
False
Is 30 a factor of 289687830?
True
Is 34 a factor of 196785064?
True
Is 165 a factor of 2971414057?
False
Is 10 a factor of 716973800?
True
Does 921 divide 40492675?
False
Is 19 a factor of 131522648?
False
Does 12 divide 38550312?
True
Is 499974410 a multiple of 170?
False
Does 7638 divide 2783529613?
False
Is 12 a factor of 31865292?
True
Is 2647 a factor of 5146727835?
False
Does 995 divide 248910340?
False
Does 35 divide 4853520?
True
Is 17 a factor of 398589769?
True
Is 17 a factor of 37960167?
True
Is 55986306 a multiple of 1402?
False
Does 230 divide 81167460?
True
Is 1459 a factor of 444376384?
True
Does 7865 divide 1763561085?
True
Does 42 divide 4527222?
True
Is 109006407 a multiple of 1650?
False
Is 34 a factor of 41145412?
False
Is 35 a factor of 2811860?
False
Is 110 a factor of 193411790?
True
Is 5 a factor of 478540827?
False
Is 38352622 a multiple of 258?
False
Does 364 divide 40028324?
False
Is 139126900 a multiple of 344?
False
Is 303686444 a multiple of 24?
False
Does 59 divide 15869114?
False
Is 286 a factor of 1554504380?
True
Is 1363 a factor of 9652766?
True
Is 159794493 a multiple of 43?
True
Is 33 a factor of 556008420?
True
Is 331221294 a multiple of 146?
True
Is 10 a factor of 218960670?
True
Is 21 a factor of 547408323?
True
Is 103 a factor of 7410942?
False
Does 22 divide 7157312756?
True
Is 226831850 a multiple of 3350?
True
Is 20 a factor of 610761900?
True
Does 649 divide 46557825?
False
Does 68 divide 5926744?
True
Does 133 divide 66530595?
False
Is 25425265 a multiple of 641?
True
Does 1214 divide 630391352?
True
Is 4333048054 a multiple of 2268?
False
Is 273915812 a multiple of 151?
True
Is 83 a factor of 25975604?
False
Is 570 a factor of 8609133?
False
Is 84 a factor of 2505945?
False
Is 181375263 a multiple of 79?
False
Is 20390770 a multiple of 290?
True
Does 47 divide 41613706?
True
Does 38 divide 11212546?
True
Does 1978 divide 443107604?
True
Does 80 divide 124861490?
False
Does 1241 divide 3693243229?
False
Is 25 a factor of 246918725?
True
Is 424 a factor of 531729331?
False
Is 577 a factor of 118777758?
True
Does 1181 divide 33980401?
False
Is 73718028 a multiple of 219?
True
Is 1235 a factor of 295253920?
True
Is 544 a factor of 221287776?
True
Is 30525952 a multiple of 512?
True
Is 942 a factor of 27964212?
True
Does 734 divide 196866140?
True
Does 182 divide 11445434?
True
Is 193563192 a multiple of 28?
False
Does 6 divide 38614422?
True
Does 8565 divide 784392658?
False
Is 116 a factor of 394558688?
True
Is 12696078 a multiple of 15?
False
Is 364 a factor of 284955216?
True
Does 39 divide 368565288?
True
Does 747 divide 109272272?
False
Is 529 a factor of 1265818708?
True
Does 1796 divide 55452710?
False
Is 3609345 even?
False
Does 235 divide 830762763?
False
Does 85 divide 76532307?
False
Does 160 divide 102444320?
True
Does 98 divide 115950660?
True
Is 66301612 a multiple of 2?
True
Is 49066564 a multiple of 24?
False
Does 180 divide 8591580?
True
Is 27863468 a multiple of 16?
False
Does 142 divide 1104496732?
True
Is 33040095 a multiple of 5?
True
Is 7850445 a multiple of 87?
True
Is 5167900948 a multiple of 4503?
False
Is 637931326 a multiple of 162?
False
Does 48 divide 51440352?
True
Is 206 a factor of 40707902?
False
Is 71 a factor of 7471943?
False
Does 1229 divide 200666204?
True
Is 862092917 a multiple of 49?
True
Is 50477910 a multiple of 42?
True
Is 7 a factor of 1074961510?
True
Does 166 divide 101500006?
False
Does 24 divide 58030341?
False
Does 35 divide 8385860?
True
Is 16739963 a multiple of 176?
False
Is 14 a factor of 15483753?
False
Is 1898955695 a multiple of 4585?
True
Does 117 divide 231582312?
True
Is 28 a factor of 28497263?
False
Is 10 a factor of 2024598770?
True
Is 175219936 a multiple of 692?
True
Is 49 a factor of 16328112?
False